by 16?
15
What is the remainder when 51 is divided by 11?
7
What is the remainder when 797 is divided by 210?
167
Calculate the remainder when 603 is divided by 20.
3
What is the remainder when 2222 is divided by 171?
170
What is the remainder when 395 is divided by 16?
11
What is the remainder when 1106 is divided by 41?
40
What is the remainder when 50 is divided by 39?
11
What is the remainder when 16 is divided by 15?
1
What is the remainder when 4254 is divided by 28?
26
Calculate the remainder when 38 is divided by 10.
8
Calculate the remainder when 378 is divided by 19.
17
What is the remainder when 153 is divided by 57?
39
Calculate the remainder when 1000 is divided by 326.
22
Calculate the remainder when 2090 is divided by 68.
50
What is the remainder when 176 is divided by 157?
19
Calculate the remainder when 1041 is divided by 18.
15
Calculate the remainder when 206 is divided by 19.
16
Calculate the remainder when 34 is divided by 20.
14
Calculate the remainder when 82 is divided by 45.
37
Calculate the remainder when 347 is divided by 122.
103
What is the remainder when 297 is divided by 10?
7
What is the remainder when 101 is divided by 23?
9
What is the remainder when 1759 is divided by 32?
31
What is the remainder when 2961 is divided by 55?
46
Calculate the remainder when 850 is divided by 41.
30
What is the remainder when 1863 is divided by 208?
199
What is the remainder when 261 is divided by 114?
33
Calculate the remainder when 6420 is divided by 18.
12
What is the remainder when 889 is divided by 20?
9
Calculate the remainder when 2050 is divided by 114.
112
What is the remainder when 37 is divided by 19?
18
Calculate the remainder when 758 is divided by 19.
17
What is the remainder when 189 is divided by 38?
37
What is the remainder when 4376 is divided by 15?
11
What is the remainder when 1797 is divided by 23?
3
What is the remainder when 406 is divided by 105?
91
What is the remainder when 1205 is divided by 10?
5
What is the remainder when 422 is divided by 70?
2
What is the remainder when 679 is divided by 20?
19
What is the remainder when 187 is divided by 53?
28
What is the remainder when 307 is divided by 53?
42
Calculate the remainder when 68 is divided by 26.
16
Calculate the remainder when 292 is divided by 31.
13
Calculate the remainder when 59 is divided by 26.
7
What is the remainder when 205 is divided by 182?
23
Calculate the remainder when 22931 is divided by 9.
8
What is the remainder when 298 is divided by 102?
94
What is the remainder when 214 is divided by 45?
34
What is the remainder when 2325 is divided by 12?
9
What is the remainder when 2637 is divided by 115?
107
What is the remainder when 44 is divided by 17?
10
Calculate the remainder when 1817 is divided by 140.
137
What is the remainder when 578 is divided by 58?
56
What is the remainder when 43 is divided by 10?
3
Calculate the remainder when 438 is divided by 74.
68
Calculate the remainder when 31 is divided by 6.
1
What is the remainder when 446 is divided by 29?
11
What is the remainder when 482 is divided by 44?
42
Calculate the remainder when 354 is divided by 89.
87
Calculate the remainder when 19323 is divided by 2760.
3
What is the remainder when 449 is divided by 45?
44
What is the remainder when 673 is divided by 33?
13
Calculate the remainder when 863 is divided by 80.
63
What is the remainder when 456 is divided by 116?
108
Calculate the remainder when 50 is divided by 16.
2
What is the remainder when 62 is divided by 28?
6
Calculate the remainder when 155 is divided by 17.
2
Calculate the remainder when 20 is divided by 8.
4
Calculate the remainder when 196 is divided by 53.
37
Calculate the remainder when 2654 is divided by 166.
164
What is the remainder when 1515 is divided by 494?
33
What is the remainder when 3639 is divided by 725?
14
Calculate the remainder when 1664 is divided by 59.
12
Calculate the remainder when 179 is divided by 43.
7
Calculate the remainder when 526 is divided by 151.
73
Calculate the remainder when 2988 is divided by 34.
30
Calculate the remainder when 116 is divided by 67.
49
Calculate the remainder when 455 is divided by 85.
30
What is the remainder when 132 is divided by 101?
31
What is the remainder when 526 is divided by 157?
55
Calculate the remainder when 828 is divided by 278.
272
What is the remainder when 4481 is divided by 83?
82
Calculate the remainder when 1695 is divided by 16.
15
Calculate the remainder when 306 is divided by 203.
103
Calculate the remainder when 357 is divided by 20.
17
What is the remainder when 3540 is divided by 357?
327
Calculate the remainder when 99 is divided by 39.
21
What is the remainder when 333 is divided by 12?
9
Calculate the remainder when 114 is divided by 45.
24
What is the remainder when 465 is divided by 36?
33
Calculate the remainder when 117 is divided by 24.
21
Calculate the remainder when 17645 is divided by 16.
13
Calculate the remainder when 241 is divided by 124.
117
Calculate the remainder when 146 is divided by 25.
21
What is the remainder when 2513 is divided by 229?
223
Calculate the remainder when 461 is divided by 21.
20
What is the remainder when 354 is divided by 10?
4
What is the remainder when 166 is divided by 72?
22
Calculate the remainder when 1225 is divided by 154.
147
Calculate the remainder when 1351 is divided by 124.
111
Calculate the remainder when 2084 is divided by 211.
185
Calculate the remainder when 289 is divided by 2.
1
What is the remainder when 419 is divided by 20?
19
What is the remainder when 222 is divided by 15?
12
What is the remainder when 2347 is divided by 95?
67
Calculate the remainder when 1250 is divided by 146.
82
What is the remainder when 3130 is divided by 101?
100
What is the remainder when 342 is divided by 86?
84
Calculate the remainder when 123 is divided by 21.
18
Calculate the remainder when 1421 is divided by 446.
83
Calculate the remainder when 210 is divided by 51.
6
What is the remainder when 2594 is divided by 30?
14
Calculate the remainder when 660 is divided by 51.
48
Calculate the remainder when 696 is divided by 182.
150
What is the remainder when 394 is divided by 13?
4
Calculate the remainder when 79 is divided by 4.
3
Calculate the remainder when 1024 is divided by 27.
25
What is the remainder when 2165 is divided by 11?
9
Calculate the remainder when 508 is divided by 15.
13
What is the remainder when 7795 is divided by 3892?
11
What is the remainder when 626 is divided by 154?
10
What is the remainder when 5182 is divided by 17?
14
Calculate the remainder when 4158 is divided by 80.
78
Calculate the remainder when 1451 is divided by 44.
43
Calculate the remainder when 3898 is divided by 9.
1
Calculate the remainder when 3495 is divided by 25.
20
What is the remainder when 221 is divided by 58?
47
Calculate the remainder when 642 is divided by 155.
22
What is the remainder when 478 is divided by 69?
64
Calculate the remainder when 173 is divided by 35.
33
Calculate the remainder when 347 is divided by 17.
7
What is the remainder when 2748 is divided by 24?
12
What is the remainder when 198 is divided by 2?
0
What is the remainder when 516 is divided by 84?
12
Calculate the remainder when 3847 is divided by 77.
74
Calculate the remainder when 402 is divided by 201.
0
What is the remainder when 235 is divided by 35?
25
What is the remainder when 156 is divided by 46?
18
Calculate the remainder when 304 is divided by 28.
24
What is the remainder when 1099 is divided by 423?
253
Calculate the remainder when 10639 is divided by 28.
27
Calculate the remainder when 1546 is divided by 24.
10
What is the remainder when 2317 is divided by 261?
229
Calculate the remainder when 435 is divided by 38.
17
Calculate the remainder when 934 is divided by 421.
92
What is the remainder when 188 is divided by 95?
93
Calculate the remainder when 8478 is divided by 447.
432
Calculate the remainder when 97 is divided by 26.
19
What is the remainder when 908 is divided by 91?
89
Calculate the remainder when 462 is divided by 29.
27
Calculate the remainder when 115 is divided by 19.
1
What is the remainder when 2063 is divided by 86?
85
What is the remainder when 718 is divided by 30?
28
Calculate 